culate the highest common divisor of 78 and h.
78
Let t(q) = -2*q - 34. Let b be t(-23). What is the highest common factor of b and 60?
12
Suppose -2*m = -1 - 31. Let b = 30 - m. Let k(w) = -1885*w - 9404. Let n be k(-5). What is the greatest common divisor of b and n?
7
Let k(s) = -s**3 - 15*s**2 + 9*s - 16. Let p be k(-16). Suppose 0 = -2*g + 6*g - p. Calculate the highest common factor of g and 8.
8
Let b(z) = 2*z**3 + 104*z**2 - 3*z - 68. Let q be b(-52). Calculate the greatest common factor of 363 and q.
11
Let l = -239 - -262. What is the highest common factor of l and 92?
23
Let s = -2147 + 2813. Calculate the greatest common factor of 90 and s.
18
Let w(f) = -f**3 + 4*f**2 + 9*f + 10. Let a be w(5). What is the greatest common divisor of a and 24?
6
Let x = 1065 - 1053. What is the highest common factor of 93 and x?
3
Suppose -4*b = -6*b + z + 10, 0 = -5*b + 2*z + 24. Let v(n) = n**2 + 2*n - 6. Let j be v(b). What is the highest common factor of 324 and j?
18
Let o be (0 - -1)/3*6. Suppose 0 = o*q - 540 + 22. Let s(i) = i**2 - 192*i - 1151. Let x be s(-6). What is the highest common factor of q and x?
37
Let h = -282 - -345. Calculate the greatest common divisor of h and 9.
9
Let n(y) = -2*y + 12. Let x be n(5). Suppose 0 = -3*k + x + 28. What is the greatest common divisor of 2 and k?
2
Let c = 306 + 97. Calculate the highest common divisor of c and 62.
31
Let h be (-2)/(-7) - 244/(-28). Let f(z) = -z**2 - 7*z + 18. Let t be f(-10). Let w = 57 + t. What is the highest common factor of h and w?
9
Let n be 748/7 + (-32)/(-28). What is the greatest common divisor of n and 4?
4
Suppose -4*o + 10 + 7 = -3*w, -o + 3 = -w. Let z be (-24)/(-18) - 272/(-12). Calculate the greatest common divisor of o and z.
8
Let s(j) = j**2 + j - 4. Let i be s(-3). Suppose i*l + 2 - 6 = 0. Let b be (-108)/(-45) + l/(-5). What is the greatest common divisor of b and 4?
2
Let g(f) = -7*f**2 + 166*f + 59. Let z be g(24). What is the highest common divisor of z and 671?
11
Suppose -2*l = 2*m - 16, m - l - 2*l = -12. Suppose -3*n + 60 = 3*x, -7*n + m*n = -2*x - 86. What is the greatest common divisor of 105 and n?
21
Suppose -42*u = -46*u + 96. What is the highest common divisor of u and 8?
8
Let g = 79 - 7. Let j = -27 + g. Calculate the highest common factor of 45 and j.
45
Suppose 3*q - 2 = 4. Suppose -p - 25 = -2*o - o, 2 = -q*p. Suppose 0 = -3*r + 96 + 24. Calculate the highest common divisor of o and r.
8
Let o = 0 - -22. What is the greatest common divisor of 1166 and o?
22
Suppose -3*y - 88 - 26 = 0. Let i be 308/5 + (y/5 - -8). What is the greatest common divisor of i and 155?
31
Let i(g) = 5 + 2*g**2 + 5*g - 4 - 5. Let k be i(-8). Calculate the greatest common factor of 21 and k.
21
Let z(v) = v**2 + 2*v - 3. Let q be z(4). Let b be (5 + -2)/((-3)/(-21)). Calculate the highest common divisor of b and q.
21
Let i(n) = -n**3 - 25*n**2 - 86*n - 31. Let k be i(-21). Calculate the greatest common factor of 11 and k.
11
Let r = -7 + 31. Suppose 4*h = 5*a - 368, -7*h + 4*h + 210 = 3*a. Calculate the greatest common factor of a and r.
24
Let p be 3 - 10/((-80)/728). What is the greatest common factor of p and 141?
47
Suppose 0 = 3*j + 2*m - 47, 3*j + 5*m + 6 = 5*j. Calculate the highest common divisor of 26 and j.
13
Let h = 145 + -125. Calculate the greatest common factor of h and 60.
20
Suppose -4*n = 4, -2*m - 2*n + 113 = -53. What is the highest common factor of 1428 and m?
84
Let l be (-3 - (-26)/12)/(2/(-12)). Suppose -3*x = -4*n - n + 23, -l*n + x = -21. Calculate the greatest common divisor of n and 2.
2
Let b = 623 + -601. Let y = 0 + 2. What is the highest common divisor of b and y?
2
Let q = -8 + 8. Suppose 15*p - 4*p - 220 = q. Calculate the greatest common factor of 50 and p.
10
Suppose 21*r = 22*r - 31. Suppose 5*i = 24 + r. Calculate the greatest common divisor of i and 1.
1
Suppose -6*u = -27*u + 1890. Calculate the greatest common factor of u and 63.
9
Suppose 3*s = -5*g + 252, 7*s - 2*s - 116 = -2*g. Calculate the highest common divisor of 128 and g.
16
Let q = -36 - -101. Let h = q + -32. Calculate the highest common divisor of h and 3.
3
Let v be 538/6 + 68/51. Calculate the greatest common factor of v and 52.
13
Let a be (-326)/(-9) - (-7 + (-520)/(-72)). What is the greatest common factor of 180 and a?
36
Let p = 239 + -215. What is the greatest common factor of 204 and p?
12
Suppose 36 - 1 = 5*z. Suppose 10 = -d - 6. Let j = d + 30. Calculate the greatest common divisor of z and j.
7
Let b = 8648 + -3680. Suppose 0 = -3*j - 15*j + b. What is the highest common factor of j and 69?
69
Let m be (8/5)/((-3)/(-495)). Suppose 454*t - 441*t - 312 = 0. Calculate the highest common divisor of t and m.
24
Let q be ((-6)/(-5))/(-1)*-5. Let o = q - 8. Let u = 9 - o. Calculate the highest common divisor of u and 77.
11
Suppose -5*a - 126 = -z, -40*a + 35*a = 2*z - 237. What is the greatest common factor of 1 and z?
1
Let b = 42 + -45. Let j be (-173)/b + 2/(-3). What is the greatest common factor of 19 and j?
19
Let v be 1*(-1 + 943) + 1. Calculate the greatest common factor of 23 and v.
23
Suppose -4*i = -9*i + 715. Let p be -2 + 177/2 - (-45)/(-30). Let s = i - p. What is the greatest common factor of s and 87?
29
Let b(u) be the third derivative of -17*u**6/60 + u**4/12 + u**3/3 + 13*u**2. Let h be b(-1). Calculate the greatest common factor of 51 and h.
17
Let q(v) = 9*v**2 - v + 3. Let y be q(3). Let d = 232 - 223. What is the highest common factor of d and y?
9
Suppose -2*m = 3*m - 4*r - 3300, -20 = -4*r. Suppose -5*o + 4*v + m = 0, 3*o = -v + 41 + 354. What is the highest common factor of o and 12?
12
Suppose -81 - 315 = -2*f. Let b be -45*-7*4/70. What is the greatest common divisor of f and b?
18
Let r(f) = -568*f - 628. Let p be r(-7). What is the highest common divisor of 108 and p?
108
Let z = -3 + 7. Let f = -54 + -21. Let r be f/(-4) - (-1)/z. Calculate the greatest common divisor of 171 and r.
19
Let f(w) = 7*w**2 - 10*w - 5. Let i be f(3). What is the greatest common divisor of i and 14?
14
Let g be 230 - -1*(0 + 1). Suppose 0*q = 3*q + 3*i + 57, 4*q = 5*i - 94. Let j be ((-21)/3)/(7/q). What is the highest common factor of g and j?
21
Let k(v) = -2*v**3 - 4*v**2 - v + 2. Let i be k(-3). Suppose -8*u - 8213 = -8397. Calculate the highest common divisor of u and i.
23
Let z be (-4)/6*69*-3. Calculate the highest common divisor of z and 6.
6
Suppose -6 + 2 = -2*b. Suppose -11 = b*x - 49. Calculate the highest common factor of 57 and x.
19
Let i = 7 + -10. Let p be 0 + 2 + (4 - i). Suppose 1 = -f + 2. What is the highest common divisor of p and f?
1
Suppose -3*p + 42 + 1 = g, 3*p - 153 = -3*g. Suppose -31 + 9 = -h. Calculate the greatest common factor of h and g.
11
Let r(t) = t**2 - 12*t - 7. Suppose 5*a = -3*l + 71, 0*a + 5*l = a - 3. Let q be r(a). What is the highest common factor of q and 12?
6
Let q = -11 + 15. Suppose q*y + 4*c - 2 = 22, 4*c = -2*y + 14. Suppose -y*l + 35 - 5 = 0. What is the highest common factor of 3 and l?
3
Suppose 124 = 3*g - t - 3*t, -3*g - t + 104 = 0. What is the highest common factor of g and 198?
18
Suppose h - n - 18 = 0, -2*h - 2*n + 59 = 7. Let a = -761 - -772. What is the greatest common factor of a and h?
11
Let q(d) = -d**3 - 4*d**2 + 12*d + 12. Let f be q(-6). Suppose -6*o + 241 = 25. Calculate the greatest common divisor of o and f.
12
Let x be 2*2*20/16. Let o be 6/(-9)*(-369)/(-6). Let m = -21 - o. Calculate the highest common factor of x and m.
5
Let f(y) = 88*y**2 + 16*y + 19. Let g be f(-1). Calculate the highest common divisor of g and 351.
13
Suppose -35 = -l + 6*l. Let t = l + 10. What is the highest common factor of t and 27?
3
Let y be ((-80)/14)/(-4)*-7. Let s = 95 + y. What is the highest common divisor of s and 17?
17
Let n be (1936/20)/(2/10*1). Calculate the highest common divisor of n and 44.
44
Let c(g) = g**2 - 18*g + 19. Let z be c(19). Suppose z = 5*h + p, 4*h + 4*p - 28 = 2*p. What is the greatest common factor of h and 88?
8
Suppose -j - 5*o - 4 = -2, 3*j = -5*o - 56. Let q be (-18)/4*(-36)/j. Let d be ((-2)/q)/(1/18). Calculate the greatest common factor of d and 66.
6
Let o = 0 + 1. Let l be ((-26)/(-1) - 0)/(o*2). What is the highest common divisor of 117 and l?
13
Let